 - 270*p - 4804. Calculate q(-21).
-16
Let i(p) = 386*p**2 + 241*p + 241. Calculate i(-1).
386
Let s(w) = 5322*w + 1772262. Calculate s(-333).
36
Let g(y) = -y**2 + 936*y - 217775. What is g(503)?
24
Let r(x) = -x**3 - 86*x**2 - 844*x - 1472. Determine r(-75).
-47
Let r(z) = -1550*z**2 + 243*z - 242. Determine r(1).
-1549
Let h(s) = -286211*s + 572417. Calculate h(2).
-5
Let b(t) = 2452*t + 2905. What is b(-1)?
453
Let i(o) = -263*o**2 - 2929*o - 394. Calculate i(-11).
2
Let j(q) = 4*q**2 + 573*q + 15452. Determine j(-36).
8
Let o(s) = 22*s**2 - 1180*s - 984. Calculate o(53).
-1726
Let f(z) = -z**2 - 418*z + 20852. Give f(45).
17
Let x(c) = -28*c**3 + 223*c**2 + 16*c + 22. What is x(8)?
86
Let z(p) = 4*p**3 + 302*p**2 + 4063*p + 141. What is z(-58)?
-33
Let t(d) = -d**3 - 27*d**2 + 5388*d - 45571. Give t(9).
5
Let o(m) = 732*m - 636848. Calculate o(870).
-8
Let l(j) = 9*j**2 - 2257*j + 37721. Calculate l(18).
11
Let q(o) = -4*o**2 + 14365*o - 57434. Give q(4).
-38
Let p(u) = 4*u**3 - 175*u**2 - 103*u + 72. Give p(-1).
-4
Let t(b) = b**3 + 68*b**2 + 186*b + 4012. Give t(-66).
448
Let b(x) = 467*x**2 - 185864*x - 819. Determine b(398).
-23
Let m(c) = -2*c**3 - 16*c**2 - 4*c + 88. Give m(-7).
18
Let u(f) = f**3 + 1004*f**2 + 233232*f - 1096. Give u(-365).
-1
Let d(l) = 79488*l + 874341. Determine d(-11).
-27
Let j(b) = -514*b - 96121. Determine j(-187).
-3
Let m(l) = l**2 + 296*l - 4787. Calculate m(-313).
534
Let w(b) = -2*b**2 + 137*b - 110. Determine w(75).
-1085
Let z(c) = 1159*c - 47583. Determine z(39).
-2382
Let k(f) = 97*f**3 - 1081*f**2 + 158*f - 38. Determine k(11).
6
Let w(z) = -24*z + 1516. What is w(10)?
1276
Let w(s) = -s**2 + 5468*s + 82. Give w(0).
82
Let w(i) = 2473*i + 71680. What is w(-29)?
-37
Let p(c) = -465*c**2 - 1219*c - 1220. Give p(-1).
-466
Let v(w) = -w**2 + 567*w - 8768. Determine v(16).
48
Let l(h) = -1409*h - 21203. Give l(-15).
-68
Let f(h) = h**3 - 10*h**2 - 71*h - 126. What is f(14)?
-336
Let g(n) = 3014*n + 16937. What is g(-6)?
-1147
Let b(o) = -728318*o - 5826541. Determine b(-8).
3
Let d(u) = -4405*u + 110145. Calculate d(25).
20
Let a(g) = -4*g**2 + 973*g + 26425. Calculate a(-25).
-400
Let i(m) = m**2 + 2560*m - 2002059. What is i(628)?
5
Let t(y) = -10*y**2 - 3*y + 22. Give t(5).
-243
Let p(u) = -u**2 - 24*u + 4691. Determine p(59).
-206
Let i(z) = -6*z**2 + 662*z - 2111. Give i(107).
29
Let k(y) = -101*y**2 + 4297*y + 8599. Calculate k(-2).
-399
Let q(s) = -113734*s - 341202. Determine q(-3).
0
Let b(d) = d**3 - 20*d**2 + 45*d - 1491. Determine b(22).
467
Let a(f) = f**3 - 124*f**2 - 104*f - 18655. Calculate a(126).
-7
Let m(v) = 2*v**3 - 12*v**2 - 92*v + 308. Give m(9).
-34
Let w(k) = k**2 - 48237*k - 1882739. What is w(-39)?
25
Let b(f) = 106*f**2 + 35*f - 241. Determine b(4).
1595
Let n(h) = 196*h**2 - 1503*h + 1504. Calculate n(1).
197
Let j(q) = 5299*q - 370927. What is j(70)?
3
Let g(r) = 578*r**2 + 1591*r + 5. Determine g(-3).
434
Let m(c) = 2*c**2 + 2578*c - 5178. Determine m(2).
-14
Let d(a) = -16007*a + 63766. Determine d(4).
-262
Let y(n) = -8*n**2 - 1559*n - 716. Give y(-194).
642
Let w(f) = 13331*f + 679877. Determine w(-51).
-4
Let f(b) = -46668*b + 373339. Determine f(8).
-5
Let d(j) = 17*j**2 + 221*j - 344. Give d(-15).
166
Let t(z) = 32*z**3 - 344*z**2 - 15*z + 55. Give t(11).
858
Let w(v) = 102*v**2 + 104*v + 14. What is w(4)?
2062
Let v(f) = -37318*f - 3843772. What is v(-103)?
-18
Let p(n) = -36743*n - 881762. What is p(-24)?
70
Let o(y) = -12533*y + 50530. Calculate o(4).
398
Let n(b) = b**2 + 415*b + 43089. What is n(-207)?
33
Let v(a) = 9*a**2 + 310*a + 437. Calculate v(-33).
8
Let s(r) = -3*r**3 - 4*r**2 - 268*r + 1574. Determine s(6).
-826
Let s(r) = -4*r**3 + 442*r**2 + 206*r + 1787. Determine s(111).
11
Let r(z) = -11*z**2 + 1210*z - 3618. What is r(107)?
-87
Let y(q) = -q**3 - 250*q**2 + 2341*q + 2571. Give y(-259).
-19
Let o(s) = -s**3 - 4*s**2 - 64*s - 179. What is o(-3)?
4
Let n(s) = s**3 - 25*s**2 - 359*s - 1091. Give n(-7).
-146
Let f(n) = 8760*n + 972355. Determine f(-111).
-5
Let q(i) = 58*i**2 + 3930*i - 23726. Calculate q(6).
1942
Let a(h) = -4900*h - 2165759. Calculate a(-442).
41
Let x(b) = -b**2 + 3947*b - 540360. What is x(142)?
-50
Let v(y) = 6689*y**2 + 20089*y - 1. Calculate v(-3).
-67
Let n(o) = -2*o**2 - 6904*o - 34509. Determine n(-5).
-39
Let r(g) = -594*g + 188901. What is r(318)?
9
Let n(v) = -124*v**3 - 1243*v**2 - 54*v - 159. What is n(-10)?
81
Let o(p) = 12*p**2 + 356*p - 1015. Calculate o(-34).
753
Let c(m) = 5*m**2 - 278*m - 826. Give c(58).
-130
Let z(o) = 9*o**2 + 2039*o - 914. What is z(-227)?
-6
Let u(o) = -18*o**2 + 1080*o + 193. Give u(60).
193
Let n(u) = 4490*u - 58057. What is n(13)?
313
Let j(f) = -4*f**2 + 165*f - 300. Determine j(44).
-784
Let k(z) = -2*z**3 + 63*z**2 - 178*z + 36. Determine k(26).
2844
Let d(w) = -157615*w - 8038363. Determine d(-51).
2
Let a(p) = 30*p**2 + 417*p - 574. What is a(-16)?
434
Let k(s) = 2*s**2 + 498*s - 23791. What is k(41)?
-11
Let b(x) = 36*x**2 - 3858*x + 27060. What is b(7)?
1818
Let d(z) = -z**3 - 13*z**2 - 356*z + 42122. What is d(28)?
10
Let u(n) = -79231*n - 396500. Determine u(-5).
-345
Let p(r) = -r**3 + 43*r**2 + 265*r - 10918. What is p(44)?
-1194
Let c(f) = f**3 - 31*f**2 - 189*f + 7173. What is c(29)?
10
Let s(d) = 33165*d**2 - 66416*d - 3. What is s(2)?
-175
Let r(s) = 3*s**2 - 98*s - 5039. Calculate r(64).
977
Let w(y) = -18549*y - 3431556. Calculate w(-185).
9
Let h(y) = -423*y**2 - 2383*y + 12. Determine h(-6).
-918
Let o(d) = -24818*d - 1546. Give o(0).
-1546
Let r(t) = -t**3 + 6*t**2 - 237*t + 3236. What is r(11)?
24
Let m(d) = 13802*d + 82985. What is m(-6)?
173
Let a(l) = 81*l**2 + 4320*l + 91. Calculate a(-52).
-5525
Let i(y) = -1661*y - 73147. Determine i(-44).
-63
Let v(g) = -361857*g - 4704074. Give v(-13).
67
Let c(r) = -r**3 - 3*r**2 - 15*r - 168. Determine c(0).
-168
Let g(q) = -q**3 + q**2 + 477*q - 959. Calculate g(2).
-9
Let m(a) = -2*a**3 + 6*a**2 + 663*a + 2995. Determine m(-5).
80
Let d(r) = 738*r**2 - 4306*r + 3072. Determine d(5).
-8
Let v(i) = -20*i**2 + 6026*i - 18086. Calculate v(3).
-188
Let x(p) = -67026*p - 3016167. What is x(-45)?
3
Let q(v) = -v**3 - 26*v**2 - 112*v - 108. Determine q(-5).
-73
Let l(r) = r**2 - 3665*r - 77417. What is l(-21)?
-11
Let q(g) = 120*g**2 - 68*g - 8. Determine q(1).
44
Let i(h) = -1084*h - 57460. Calculate i(-53).
-8
Let z(f) = 2*f**3 + 17*f**2 - 64*f - 3. What is z(-11)?
96
Let d(m) = -4843*m - 2905804. What is d(-600)?
-4
Let t(k) = 3492*k - 10378. What is t(3)?
98
Let f(v) = 11*v**2 + 307*v + 2099. Calculate f(-16).
3
Let t(n) = -n**3 + 43791*n**2 + 262784*n + 30. Give t(-6).
18
Let l(z) = z**3 - 100*z**2 + 8*z - 480. Determine l(100).
320
Let r(g) = -4*g**2 + 1070*g - 35645. Calculate r(39).
1
Let q(x) = 12*x**3 + 94*x**2 - 45*x - 224. What is q(-8)?
8
Let q(h) = -438*h - 491. Calculate q(0).
-491
Let r(t) = -36330*t + 1089940. Determine r(30).
40
Let s(t) = 2782*t + 436814. Give s(-157).
40
Let g(j) = -3*j**3 - 27*j**2 - 71*j - 2956. What is g(-13)?
-5
Let c(m) = m**3 - 8*m**2 - 251*m + 3008. Determine c(11).
610
Let m(z) = 20*z**2 - 237*z - 2445. Determine m(21).
1398
Let v(m) = -m**3 + 1096*m**2 - 284427*m - 423. Give v(422).
-1
Let g(k) = 2076*k + 93381. What is g(-45)?
-39
Let o(s) = 47*s + 1006. What is o(2)?
1100
Let v(m) = -2159567*m + 17276541. Give v(8).
5
Let z(c) = -2*c**3 + 1227*c**2 + 8660*c + 37. Calculate z(-7).
226
Let r(g) = 116*g + 9111. What is r(-76)?
295
Let s(u) = -10*u**2 + 476*u + 147. Determine s(49).
-539
Let a(i) = -i**3 + 97*i**2 - 5706*i + 182733. What is a(54)?
-3
Let f(z) = 291*z**3 - 23*z**2 - 114*z - 92. Give f(-1).
-292
Let x(z) = -z**3 - 93*z**2 + 1142*z - 216. Determine x(-104).
-8
Let v(c) = 770*c + 4583. Determine v(-3).
2273
Let b(u) = -6915*u**2 + 69136*u + 139. Calculate b(10).
-1
Let a(o) = -49*o**2 - 452*o + 454. What is a(1)?
-47
Let n(f) = -5*f**3 + 14*f**2 + 689*f - 310. What is n(13)?
28
Let l(g) = -g**2 + 17825*g - 35650. What is l(2)?
-4
Let q(h) = 307*h + 63669. What is q(-207)?
120
Let a(l) = -546*l**2 - 13118*l - 327. What is a(-24)?
9
Let h(j) = -j**3 - 17*j**2 - 50*j - 115. Calculate h(-12).
-235
Let k(h) = -1236*h + 64306. Determine k(52).
34
Let y(q) = -537*q**2 + 2658*q +